1858719?
1
What is the units digit of 583718057?
7
What is the units digit of 442808879?
9
What is the thousands digit of 1286412670?
2
What is the millions digit of 22151139?
2
What is the units digit of 33635497?
7
What is the ten millions digit of 1143704575?
4
What is the hundreds digit of 48730686?
6
What is the units digit of 2802309975?
5
What is the hundreds digit of 2600729766?
7
What is the billions digit of 1388663336?
1
What is the ten thousands digit of 1353442678?
4
What is the ten thousands digit of 15611132?
1
What is the hundreds digit of 571136139?
1
What is the units digit of 1002572021?
1
What is the hundred millions digit of 236528321?
2
What is the ten thousands digit of 918216541?
1
What is the millions digit of 656850354?
6
What is the millions digit of 832134887?
2
What is the ten thousands digit of 1549859428?
5
What is the ten millions digit of 72072199?
7
What is the hundreds digit of 723605903?
9
What is the units digit of 330470?
0
What is the hundred thousands digit of 61616415?
6
What is the thousands digit of 78242895?
2
What is the ten millions digit of 120221313?
2
What is the thousands digit of 967108605?
8
What is the thousands digit of 198991358?
1
What is the hundred thousands digit of 74560647?
5
What is the ten thousands digit of 29496776?
9
What is the ten millions digit of 99775876?
9
What is the hundreds digit of 54766917?
9
What is the hundreds digit of 803772955?
9
What is the hundred thousands digit of 269858031?
8
What is the tens digit of 507304712?
1
What is the hundred thousands digit of 2403626320?
6
What is the hundreds digit of 4204940532?
5
What is the millions digit of 6535623?
6
What is the thousands digit of 289202488?
2
What is the ten millions digit of 1715771079?
1
What is the hundred millions digit of 120975154?
1
What is the ten millions digit of 120393526?
2
What is the ten millions digit of 408193663?
0
What is the thousands digit of 722430802?
0
What is the thousands digit of 585322393?
2
What is the thousands digit of 11871131?
1
What is the tens digit of 2925541131?
3
What is the hundred thousands digit of 717166383?
1
What is the millions digit of 152158248?
2
What is the billions digit of 2176194579?
2
What is the billions digit of 1613921724?
1
What is the ten millions digit of 115990675?
1
What is the hundred millions digit of 565509019?
5
What is the hundred millions digit of 163002873?
1
What is the thousands digit of 2497370438?
0
What is the hundreds digit of 248668364?
3
What is the millions digit of 47320663?
7
What is the hundreds digit of 441425972?
9
What is the hundred thousands digit of 21514645?
5
What is the units digit of 435233577?
7
What is the millions digit of 78033857?
8
What is the hundreds digit of 1583972884?
8
What is the tens digit of 719892626?
2
What is the thousands digit of 185299601?
9
What is the tens digit of 34672512?
1
What is the units digit of 127870228?
8
What is the millions digit of 4381633058?
1
What is the ten millions digit of 237841216?
3
What is the units digit of 521575571?
1
What is the hundreds digit of 608679536?
5
What is the tens digit of 250714173?
7
What is the hundred thousands digit of 5962615901?
6
What is the hundreds digit of 1727153658?
6
What is the hundreds digit of 5578514?
5
What is the tens digit of 825359482?
8
What is the units digit of 1480848114?
4
What is the thousands digit of 2342925100?
5
What is the hundred millions digit of 285108396?
2
What is the hundred millions digit of 3546541202?
5
What is the hundreds digit of 1031480271?
2
What is the millions digit of 313637335?
3
What is the hundred thousands digit of 484184527?
1
What is the tens digit of 134275422?
2
What is the billions digit of 3679570910?
3
What is the ten thousands digit of 106217308?
1
What is the hundred thousands digit of 30707042?
7
What is the hundreds digit of 8530721?
7
What is the units digit of 17980481?
1
What is the hundred millions digit of 278542767?
2
What is the thousands digit of 646714832?
4
What is the thousands digit of 3029671?
9
What is the ten thousands digit of 125888568?
8
What is the hundred thousands digit of 211062785?
0
What is the thousands digit of 108163229?
3
What is the millions digit of 1798655893?
8
What is the hundred millions digit of 1957653192?
9
What is the ten thousands digit of 3342764?
4
What is the hundreds digit of 31580591?
5
What is the ten thousands digit of 82577099?
7
What is the units digit of 1155496995?
5
What is the hundred millions digit of 751092928?
7
What is the thousands digit of 731333522?
3
What is the hundreds digit of 4945818666?
6
What is the tens digit of 78177253?
5
What is the ten millions digit of 901162803?
0
What is the millions digit of 704305413?
4
What is the hundreds digit of 3229819095?
0
What is the hundreds digit of 430275272?
2
What is the millions digit of 341307125?
1
What is the ten millions digit of 56899816?
5
What is the millions digit of 29746054?
9
What is the ten thousands digit of 249651751?
5
What is the hundreds digit of 2322868403?
4
What is the hundreds digit of 437389384?
3
What is the thousands digit of 44823125?
3
What is the hundreds digit of 670348326?
3
What is the billions digit of 1577033525?
1
What is the thousands digit of 243384819?
4
What is the tens digit of 7518066?
6
What is the thousands digit of 2227893535?
3
What is the hundred thousands digit of 564522596?
5
What is the hundred thousands digit of 98630651?
6
What is the ten millions digit of 829811031?
2
What is the tens digit of 201202438?
3
What is the billions digit of 4407969581?
4
What is the hundred millions digit of 3295086617?
2
What is the ten millions digit of 2103692479?
0
What is the thousands digit of 54737055?
7
What is the thousands digit of 62085033?
5
What is the hundreds digit of 11040281?
2
What is the billions digit of 1899277861?
1
What is the ten thousands digit of 1845010439?
1
What is the billions digit of 1181090641?
1
What is the thousands digit of 5016837365?
7
What is the hundreds digit of 2213070309?
3
What is the ten millions digit of 2384232937?
8
What is the ten millions digit of 1050712634?
5
What is the ten thousands digit of 144525954?
2
What is the millions digit of 137954260?
7
What is the hundreds digit of 90287557?
5
What is the thousands digit of 183731518?
1
What is the hundreds digit of 417492611?
6
What is the ten thousands digit of 514025119?
2
What is the ten thousands digit of 3366077856?
7
What is the ten millions digit of 1283127928?
8
What is the units digit of 10042007?
7
What is the thousands digit of 210843053?
3
What is the ten thousands digit of 757237682?
3
What is the hundreds digit of 1088266904?
9
What is the hundreds digit of 55703778?
7
What is the ten thousands digit of 72993607?
9
What is the tens digit of 103318509?
0
What is the millions digit of 522607218?
2
What is the hundred millions digit of 106016879?
1
What is the ten thousands digit of 2138487975?
8
What is the millions digit of 66932459?
6
What is the units digit of 47180724?
4
What is the hundreds digit of 14742939?
9
What is the hundred millions digit of 877497557?
8
What is the thousands digit of 2081056124?
6
What is the thousands digit of 92048471?
8
What is the thousands digit of 274889420?
9
What is the hundreds digit of 134387525?
5
What is the units digit of 483968155?
5
What is the hundreds digit of 2116179973?
9
What is the tens digit of 1487698229?
2
What is the billions digit of 1493086552?
1
What is the ten thousands digit of 2055666?
5
What is the ten thousands digit of 576649221?
4
What is the millions digit of 2392256229?
2
What is the hundred millions digit of 749556149?
7
What is the ten thousands digit of 317336765?
3
What is the hundred millions digit of 5438931802?
4
What is the ten millions digit of 56144955?
5
What is the billions digit of 6708786311?
6
What is the millions digit of 28630092?
8
What is the thousands digit of 743361538?
1
What is the millions digit of 739670377?
9
What is the ten millions digit of 1696078591?
9
What is the units digit of 71307828?
8
What is the thousands digit of 743391219?
1
What is the hundred thousands digit of 84636574?
6
What is the ten millions digit of 2464554244?
6
What is the units digi